 - 3*n - 3. Let p = 3 - w. What is the units digit of 3/(-4)*(p + -6)?
3
Let p = 150 + -5. Suppose -s + 6*s - p = 0. What is the units digit of s?
9
Let b(s) = s**2 + 6*s - 10. Let a(h) = -7*h. Let d(z) = 20*z + 1. Let v(t) = 11*a(t) + 4*d(t). Let r be v(-4). What is the units digit of b(r)?
6
Suppose 31 = -2*s + 105. Suppose -5*n + 3*c = -s, 4*n - 33 = -0*c - c. What is the units digit of n?
8
Let z = -19 + 127. Suppose l = 5*l - z. What is the units digit of l?
7
Let n(f) = f + 5. Let g be n(-3). Let q = g + -3. What is the units digit of 1 - 0 - 2*q?
3
Let d = 44 + -29. What is the units digit of d?
5
Let m be (0 + -1 + 3)*2. Suppose -3*o - 5*x + 25 = 0, 0 = 2*o + m*x - 14 - 2. What is the units digit of o?
0
Suppose -4*u + z + 15 = 0, -4*u - 2*z + 12 = -6*z. Let f = u - 1. What is the units digit of f?
3
Let a(p) = -p**2 + 27*p. What is the units digit of a(10)?
0
Suppose 4*p = -h - 21, p = -h + 4*p - 7. What is the units digit of (-180)/h - (-24)/156?
4
Let p(o) = -4*o + 5. Let g(x) = x - 16. Let d be g(13). What is the tens digit of p(d)?
1
Let c = -7 + 9. Suppose x - 57 = -c*x. What is the units digit of x?
9
Let z = -154 - -307. What is the hundreds digit of z?
1
Suppose 0 = 22*l - 10*l - 300. What is the units digit of l?
5
Let p be 0 + (-1)/1 - -6. Suppose 2*c = -p*z + 69, 0*z - 3*z = -c + 18. Suppose 7*d - 4*d - c = 0. What is the units digit of d?
9
Suppose 9*d - 5*d - 256 = 0. What is the units digit of d?
4
Let w(j) = 29*j + 1. Suppose -2*p = 1 - 3. What is the units digit of w(p)?
0
Let l = 13 + -28. Let x = 25 + l. Let y = 29 - x. What is the units digit of y?
9
Let a(b) = b**2 + 4*b - 3. Let u be a(5). Suppose 0 = 2*c - 0*c - u. What is the tens digit of c?
2
Let z be (-5)/(-3) - (-6)/18. Let j = 15 - z. What is the units digit of j?
3
What is the units digit of 168/8 - (-2 + 1)?
2
Let z be (-6 - -30) + 3/1. Suppose 5*x = -2 + z. Suppose -5*p - 42 = -2*k, -x*k - 2*p = -5*p - 86. What is the tens digit of k?
1
What is the units digit of (4 - (-14)/(-4))/(1/340)?
0
What is the tens digit of 5343/39 + 10/(-2)?
3
Let w = -4 + 8. Suppose x + p - 9 = -1, -x + 20 = w*p. What is the units digit of x?
4
Let a = -5 - -33. What is the tens digit of a?
2
Suppose -4*t = 2*x - 10, 0*x = -5*t + x + 2. Let h(y) = -t + 3*y + 5 + 0*y. What is the units digit of h(3)?
3
Suppose -5*w = -4*v - 70, -4*w + 4 - 11 = v. What is the units digit of ((-70)/v)/(2/3)?
7
Let p = 38 + -1. What is the tens digit of p?
3
Suppose -4*a = -3*b + 17, 2*a - 6*a - 14 = -2*b. Suppose 18 + 18 = b*m. Suppose 5*h - m = 8. What is the units digit of h?
4
Let p(x) be the second derivative of 4*x - 1/3*x**3 + 0 - 3/2*x**2. What is the units digit of p(-9)?
5
Let h = 417 + -60. What is the units digit of h?
7
Suppose -4*z + 15 = -1. Let t = z + -6. What is the units digit of t/7 + 220/35?
6
Suppose 0 = a + o, 8*a = 3*a + o. Let b(m) = -3 + 2 + a + 3*m + m**2. What is the units digit of b(-4)?
3
Let c be (-20 - (-2 - -1))*-1. Suppose -t - 5*d = -c, 0*t = 3*t - d - 9. What is the units digit of t?
4
What is the units digit of (2 - 6/2)*-31?
1
Let l(m) = 2*m**3 + 2*m**2 + m. Let y be l(-1). Let t = -1 + y. Let w = t - -6. What is the units digit of w?
4
Suppose 2*t = g + 100, g = 5*t - 0*t - 250. What is the units digit of t?
0
Suppose -5*o - 13 + 63 = 0. What is the units digit of o?
0
Suppose -18 = 2*o + o. Let t be -1 - 4*(-3)/(-6). Let n = t - o. What is the units digit of n?
3
Let u(r) = -2*r + 3. What is the units digit of u(-7)?
7
Let z be (-12)/(-9)*1*-3. Let r = z - -10. What is the units digit of 1 + -4 - (-1 - r)?
4
What is the units digit of 1/4 - (-1)/((-4)/(-783))?
6
Suppose 0 = x + 2 - 9. Let q = x + -4. Suppose -i = 5, -q*m + 2*i + 41 = -2*i. What is the units digit of m?
7
Let f(x) = x - 14. Let i be f(-6). Let b = 67 + i. What is the units digit of b?
7
What is the tens digit of ((-216)/42)/((-3)/21)?
3
Suppose -3*j + 7 = 1. Let v be 6/(-8) - 246/(-8). What is the units digit of (v/9)/(j/6)?
0
Let c = 57 + -19. Suppose 13 + c = 3*p. What is the tens digit of p?
1
Let d = 52 - 24. What is the units digit of d?
8
Suppose -4*b + 8*b = -y + 50, 0 = 2*y + 2*b - 118. What is the units digit of y?
2
Suppose 0 = 4*f - 2*n - 232, -4*f - 65 + 297 = n. What is the tens digit of f?
5
Suppose -h - 6*h + 917 = 0. What is the hundreds digit of h?
1
Let q(p) = -p**3 + 9*p**2 - 6*p - 3. Let m be (-1 - 4)*(-2)/2. Suppose 3*y + 52 = 5*i - 0*y, -3*i + 4 = m*y. What is the units digit of q(i)?
3
Let q = -32 + 46. What is the units digit of q?
4
Suppose -5*g + 4*x + 207 = 0, 3*x + 2*x + 171 = 4*g. What is the tens digit of g?
3
What is the units digit of (-2)/6 + 147/9?
6
Suppose -5*b + 3 = -2*b. Let v be b/(-4) + 36/16. Suppose 14 = 4*w - v*w. What is the units digit of w?
7
Let v(m) = -4*m - 9. Let a be v(-8). Let f = 32 - a. What is the units digit of f?
9
Suppose -3*j - l = 44, -3*j = j + 5*l + 55. Let a(q) = -q**2 - q - 8. Let z be a(0). Let k = z - j. What is the units digit of k?
7
Let v(k) = -70*k + 1. What is the units digit of v(-1)?
1
Let m = -72 - -128. What is the units digit of m?
6
Suppose 3*o - 374 + 104 = 0. Suppose -3*a - 5*q = -73, 2*a + 2*q = -3*a + o. What is the units digit of a?
6
Let c(a) = a**2 - 3*a - 1. Let t be c(4). Let z = 9 - 8. What is the units digit of ((-22)/(-6))/(z/t)?
1
Let w(m) = -m - 11. Let f be w(-10). What is the tens digit of -3*(-4 + -2) - f?
1
Let d(t) = -t**2 + 15. Let b be d(0). Let w = b - 9. Let i = w + -4. What is the units digit of i?
2
Let h(w) = -w**3 - 5*w**2 + w - 2. Suppose -r - 12 = r. What is the units digit of h(r)?
8
Let s(c) be the second derivative of 2/3*c**3 - 1/20*c**5 + 0*c**2 + 0 - 1/12*c**4 + 2*c. What is the units digit of s(-3)?
6
Suppose 27 = 3*z - 5*t, -z - z + 4*t + 20 = 0. Let m = -6 - -8. What is the units digit of 5 + -2*m/z?
4
Suppose -z = -2 - 0. Suppose 2*l = -z*l + 124. What is the units digit of l?
1
Suppose d + 4*o = -20, 4*o + 20 = -3*d + 2*o. What is the tens digit of (-20)/10*34/d?
1
What is the units digit of (0 + -316)*-2*7/28?
8
What is the units digit of 1/(-3) - 48/(-36)?
1
Suppose 2*a - 2*x - 228 = 2*x, -5*a = -5*x - 585. Suppose -2*j + 116 = 2*r, j - a = -4*r - 50. What is the tens digit of j?
5
Let r(t) = -t - 3. Let i be 2/(1 + (-18)/14). Let c be r(i). Suppose 5*v - 5 = 0, c*k - 35 = 2*v - 13. What is the units digit of k?
6
Suppose 4*f = 5*a - 6 + 3, 0 = 3*a + 5*f - 24. Let d(g) = -g**2 + g + 4. Let c be d(a). What is the tens digit of (-11)/((3 - 1)/c)?
1
Let r = -50 - -109. What is the units digit of r?
9
Let p(n) be the third derivative of -n**4/24 - n**3/6 + 2*n**2. Let h be p(-3). Suppose -h*j - 3*j + 8 = 3*d, -16 = -4*d - 4*j. What is the units digit of d?
6
Suppose -4*i + 20 = 3*k, 1 = k + 2*i - 5. Suppose -31 = -3*u + k. What is the units digit of u?
3
Suppose -24 = 5*h - 99. Let m = 37 - h. What is the units digit of m?
2
Suppose 19 = 2*u + 2*b - b, 52 = 5*u + 4*b. Let y(f) = -f**3 + 8*f**2 + 4. What is the units digit of y(u)?
4
Suppose 2*c = 3*t + 1, 4*c + t = -12 + 49. Suppose 0 = 2*x - 0*x - c. Suppose 0 = -x*i - 0 + 20. What is the units digit of i?
5
Let g = 122 - 116. What is the units digit of g?
6
Let l(g) = g**2 - g + 5. Let b be l(0). Suppose 23 = -b*n - 7. Let q = 13 + n. What is the units digit of q?
7
Suppose 4*t - 3*t - 3 = 0. Suppose t*g - 82 = g. What is the units digit of g?
1
Suppose 16 = -3*l - l + 4*p, 2*p = l + 7. Let t = l - -22. Suppose 0 = 4*m - t - 7. What is the units digit of m?
7
Let u = 6 - 4. Suppose -u*g = g - 60. What is the tens digit of g?
2
Let q be 2 + (-12 - (-2)/2). What is the units digit of (12/q)/4*-6?
2
Let x(y) = 5*y**2 - 3. What is the tens digit of x(3)?
4
Suppose 5*c = 5*r, 0 = c - r + 6*r - 30. Let n(v) = -v**3 + 5*v**2 + 4*v + 3. What is the tens digit of n(c)?
2
Let w(y) = y**3 + 7*y**2 - y. What is the units digit of w(-6)?
2
Suppose 0 = -g - 2*g - 4*d + 28, -4*g + 28 = 3*d. Suppose 0 = 4*u + 2*a - 40, -u - 2*a + 3 = -g. What is the units digit of u?
1
Suppose -3*r = -5*y - 68, 5*r - 90 = -y - 14. Let v be (2 - 3)*1 - r. Let q = -5 - v. What is the units digit of q?
2
What is the units digit of (-2 + 14)/(4/2)?
6
Suppose m + 0 - 4 = 0. Suppose 0 = -4*u + m*q + 4, -4*q + 0 = u + 4. Suppose u = 3*l - l - 22. What is the ten